 = -483 - -967. Suppose -5*c + o = -3*c. What is the greatest common factor of 22 and c?
22
Let m(a) be the first derivative of -a**2/2 + 27*a - 11. Let b be m(15). Let p = 8 - -4. Calculate the highest common divisor of p and b.
12
Let b(q) = q**2 - 12*q - 141. Let g be b(21). What is the highest common factor of 6 and g?
6
Suppose p = 3*p - 104. Let x = -36 + p. What is the greatest common factor of x and 64?
16
Suppose -4*h = 3*j + 33 - 10, 2*j = 5*h. Let d be 33 + (-10)/(-15)*(1 - h). Calculate the highest common factor of 14 and d.
7
Suppose -2*n + 4*n + r - 25 = 0, 3 = r. Suppose -4*g = -133 - n. What is the greatest common factor of g and 4?
4
Let t = -39 - -6. Let y = t + 8. Let v = 41 + y. What is the highest common factor of 16 and v?
16
Let z be (26 - 11)*69*1. What is the greatest common divisor of 69 and z?
69
Let g be (13 + -8)*130/50. What is the greatest common factor of 325 and g?
13
Suppose -52*s + 11520 = 8*s. What is the highest common divisor of 336 and s?
48
Let k be (15/(-5))/3 + 1. Suppose a = -k*a + 8. Let v(f) = f**3 - 9*f**2 + 10*f - 8. Let u be v(a). What is the greatest common factor of 8 and u?
8
Suppose 0 = -4*q - 1 + 9. Suppose -c - q = 3*h - 4, -3*h = -3*c - 18. What is the highest common divisor of 6 and h?
2
Suppose 0 = b - 2*v + 4*v - 18, 0 = -b - 5*v + 12. Let a = 27 - b. Calculate the highest common factor of 5 and a.
5
Suppose -j = -4*u - 58, -4*j = 5*u - 67 - 81. Let q = j - 8. Let m be ((-294)/(-36) - (-18)/3)*6. What is the highest common divisor of q and m?
17
Let b(d) = 3*d + 35. Let z be b(5). Calculate the highest common divisor of 75 and z.
25
Suppose -108 = -2*l + 4*k, 5*l - 282 = -3*k + k. What is the highest common divisor of l and 84?
28
Suppose a + 0 = 6. Suppose -2*r - 2*u = 2*r - 30, 0 = 2*r - 2*u - a. Calculate the highest common factor of r and 24.
6
Let y(s) = 15*s**2 + 177*s - 21. Let z be y(-12). Suppose 10 + 5 = 3*d. Calculate the greatest common divisor of z and d.
5
Suppose -2*f + 6*f - 214 = 5*u, 0 = -4*u + 8. What is the highest common factor of 32 and f?
8
Suppose 11*l = -6 + 600. Suppose 1809 = 5*s + 554. Suppose 0*g + 168 = 2*q + 3*g, 3*q = -4*g + s. What is the greatest common divisor of l and q?
27
Suppose -12*j + 33 + 207 = 0. Calculate the highest common divisor of 35 and j.
5
Let o = 139 + 309. Calculate the greatest common factor of o and 14.
14
Let q = 11 + -7. Suppose -52*o = -47*o - 1455. Suppose 14*m = 157 + o. Calculate the greatest common factor of m and q.
4
Let r be (-4)/22 - (-6540)/33. Suppose -3*h + 9 = 0, -5*f + 4*h = -2*f - r. Let j(n) = -7*n + 3. Let v be j(-1). What is the greatest common divisor of f and v?
10
Suppose -2*h - 1 = l - 4, h = -5*l - 3. Let u(p) = -p**2 + 8*p + 14. Suppose 4*r - 18 = 2*r. Let c be u(r). Calculate the greatest common divisor of h and c.
1
Let r be 21 - 2/(4/(-8)*4). Let d be (r/(-4) - -3)*(-12)/10. What is the greatest common divisor of 27 and d?
3
Let k = 35 - 19. Suppose -u = -3*u + k. Suppose -28 = -2*t + u. Calculate the highest common divisor of 9 and t.
9
Let h(l) = 23*l**2 - 2*l + 1. Let r be h(1). Let u be (-30)/75 - (-84)/35. What is the greatest common factor of u and r?
2
Let o = -2069 + 2113. Calculate the greatest common divisor of 550 and o.
22
Let p be (-10922)/(-13) + (-2)/13 + 0. What is the greatest common factor of p and 21?
21
Let s be (-11 + 1)*(-12)/30. Suppose -8 = -4*w + 4. Suppose -5 = -g + 2*d - 3*d, w*g - 11 = -2*d. What is the greatest common factor of s and g?
1
Suppose 0 = -5*h - 2*u + 530, 3*h = 4*h - 4*u - 128. Suppose -4*a = -3*d - 105, 9*d = 4*a + 5*d - h. Calculate the greatest common divisor of 8 and a.
8
Let j be 701 + 2 + 6 + -1. Calculate the greatest common factor of 12 and j.
12
Suppose 0 = 8*w - 10*w - 4. Let n be (w/(-6))/(1/9). What is the greatest common divisor of n and 2?
1
Let l be 5262/14 - (-46)/322. What is the greatest common divisor of l and 470?
94
Suppose 0*i = 4*i - 376. Let m = 138 - i. Calculate the highest common divisor of m and 11.
11
Suppose 1 = 3*z + 3*s + 4, 0 = 4*z - 3*s - 31. Suppose -133 - 63 = -7*y. Calculate the greatest common factor of y and z.
4
Suppose -g + 579 = 5*j, -g - 4*j + 2*j = -588. What is the greatest common divisor of 216 and g?
54
Let l = 319 + -282. Calculate the greatest common factor of l and 518.
37
Suppose 5*k - 162 + 2 = -5*y, 2*k + 3*y = 68. Suppose 2072 = 4*a + 840. Calculate the highest common factor of a and k.
28
Let a be (18/(-42))/((-10)/210). What is the greatest common factor of 1152 and a?
9
Let y(d) = d**2 + 6*d - 34. Let p be y(-14). Suppose -96 = -p*h + 75*h. What is the highest common factor of 48 and h?
16
Let u be (10 - -1)/(8/32). Let v(g) = -60*g**3 + g**2. Let x be v(-2). What is the highest common divisor of x and u?
44
Let j(n) = 2*n**2 - 49*n + 12. Let u be j(33). What is the greatest common factor of u and 3?
3
Let k(a) = 6*a + 40. Let i be k(-5). What is the greatest common factor of 230 and i?
10
Let m = -40 + 26. Let h = -8 - m. What is the highest common factor of 9 and h?
3
Let h = -29 - -115. Suppose -h = -5*r - 11. Let y(j) = 13*j**2 + 4*j. Let a be y(-3). Calculate the greatest common divisor of r and a.
15
Let w(t) = 49*t**2 - 1. Let m be w(-1). Calculate the highest common divisor of 132 and m.
12
Let i be 207*((-39)/(-9) + -5). Let t = i - -202. What is the greatest common factor of 8 and t?
8
Suppose 0 = 8*h - 4*h. Let r(i) = -2*i + 3. Let y be r(h). Suppose 6*s - y*s = 3*l - 378, -l - 4*s + 101 = 0. Calculate the highest common divisor of 11 and l.
11
Let r = 15 - 7. Suppose -4*v + 10*g + 1935 = 5*g, 2*v = 4*g + 972. Let b be ((-6)/r)/((-4)/v). What is the greatest common factor of 36 and b?
18
Let h(x) = -x**2 + 3*x + 7. Let u be h(4). Suppose -2*c - 2*v + 34 = 0, -u*v - 101 = -5*c - 4*v. What is the highest common factor of 28 and c?
7
Let k(v) = 20*v + 14. Suppose 0 = -4*p - 4*r - 12, 3*r - 16 - 3 = p. Let n be k(p). Let d = n - -191. Calculate the greatest common divisor of 26 and d.
13
Let a = 165 - 69. Let c be ((-30)/(-8))/(8/a). Calculate the highest common divisor of c and 9.
9
Let l(g) = 4*g**2 + 6*g + 2. Let r be l(5). Let f(x) = x**3 + 16*x**2 - x - 4. Let m be f(-16). Calculate the highest common divisor of m and r.
12
Suppose 89 + 111 = 5*q. Let a(y) = y**3 - 3*y**2 - 7*y + 6. Let m be a(4). Let l = m - -22. What is the greatest common divisor of l and q?
8
Suppose 0 = -31*v + 577 - 81. What is the highest common divisor of v and 672?
16
Suppose 495 = 10*l - 465. What is the greatest common divisor of 12 and l?
12
Suppose 3*m + 921 = 6*m. Suppose -4*b + 5*x + m = 0, 234 = 5*b - 2*b - 3*x. Let l be 2 + 0 - (-5 - b). Calculate the highest common factor of l and 30.
30
Let g = -282 + 377. Calculate the greatest common divisor of g and 19.
19
Let j(k) = k**3 - 2*k**2. Let u = 21 + -17. Let d be j(u). Calculate the highest common divisor of d and 80.
16
Let y(d) = 12*d**2 + d + 1. Let p be y(-1). Let x = 70 - -38. Calculate the greatest common divisor of p and x.
12
Let g(h) = h**3 - 19*h**2 + 19*h + 15. Let n be g(18). What is the highest common divisor of 22 and n?
11
Let d = -64 + 218. Let v = d + -90. Suppose -v = -4*l + 20. What is the highest common divisor of 231 and l?
21
Suppose -3*k + w - 2*w = -257, 0 = w + 4. Calculate the highest common divisor of 145 and k.
29
Let j = 33 + -13. Calculate the highest common factor of j and 4.
4
Let j(f) = -f**2 - 13*f + 30. Let i be j(-15). Suppose -5*k = 5*d - 500, -k + 3*d + 116 = -i*d. What is the highest common factor of k and 13?
13
Let p(x) = -x - 8. Let f be p(-13). Let m be (2 + -3)*2 + f. Let v(s) = s**3 - s**2 - 3*s - 3. Let b be v(4). What is the greatest common factor of m and b?
3
Suppose 3*d - x = -5*x + 118, 3*d + 3*x = 114. Suppose -d = 7*t - 9*t. Let b = -10 + t. Calculate the greatest common factor of 35 and b.
7
Suppose -3*w = -5*u - 1326, -8*u + 12*u + 2*w = -1052. Let i = -165 - u. Calculate the highest common divisor of 9 and i.
9
Let x be (5*(-10)/(-75))/(7/10017). What is the highest common divisor of x and 18?
18
Let j(b) = -8*b + 7*b - 8 + 2. Let c be j(6). Let s(f) = -f - 3. Let x be s(c). What is the highest common divisor of x and 72?
9
Let c be (-1)/9 - 8*(-85)/45. Calculate the greatest common factor of c and 3.
